(x) = 35*x + 72. Calculate s(-8).
-208
Let x(u) = -6*u**3 + 2*u**2 - 59*u - 122. Give x(-2).
52
Let m(z) = -z**2 + 59*z - 868. What is m(28)?
0
Let j(z) = 24*z**2 - 989*z - 794. Give j(42).
4
Let w(n) = n**3 - 11*n**2 - 101*n + 1106. Determine w(10).
-4
Let d(a) = a**3 + 23*a**2 + 1713*a + 39395. Calculate d(-23).
-4
Let j(t) = -3*t**3 + 74*t + 21. Calculate j(-5).
26
Let p(x) = 8*x + 632. Determine p(-86).
-56
Let h(i) = -5*i**2 + 52*i - 113. Calculate h(7).
6
Let i(c) = -80*c + 645. Give i(13).
-395
Let n(h) = 191*h - 5172. What is n(27)?
-15
Let z(n) = -n**2 - 10*n + 216. Give z(-21).
-15
Let z(b) = -100*b - 2153. Give z(-21).
-53
Let k(a) = -a**3 - 17*a**2 - 55*a - 107. Give k(-15).
268
Let n(p) = 13*p + 119. Give n(-9).
2
Let c(m) = 4*m**3 - 16*m**2 - 110*m + 154. Give c(7).
-28
Let p(r) = -2*r**2 - 65*r - 180. What is p(-20)?
320
Let w(b) = 8*b + 380. What is w(-46)?
12
Let a(i) = 465*i + 12088. Determine a(-26).
-2
Let v(d) = -4*d**2 + 102*d. What is v(2)?
188
Let j(u) = -u**3 + 9*u**2 - 31*u + 193. What is j(8)?
9
Let m(o) = -290*o + 4061. What is m(14)?
1
Let p(v) = -4*v**2 + 82*v - 31. Give p(17).
207
Let v(m) = 6*m**3 + 4*m**2 - 3*m - 11. What is v(-3)?
-128
Let a(t) = -t**3 + 7*t**2 + 64*t + 65. What is a(-4)?
-15
Let z(c) = -169*c + 17243. What is z(102)?
5
Let u(b) = 39*b**3 - 3*b**2 + 3*b + 1. Calculate u(1).
40
Let f(x) = -214*x**2 + 7*x - 8. Determine f(2).
-850
Let r(w) = -w**2 - 137*w - 2197. Calculate r(-19).
45
Let u(s) = -124*s + 327. What is u(3)?
-45
Let j(c) = c**2 - 32*c - 646. Give j(-14).
-2
Let s(w) = 17283*w + 51843. What is s(-3)?
-6
Let z(i) = 8*i**3 + 3*i**2 + 71*i - 144. What is z(2)?
74
Let g(h) = h**3 - 9*h**2 + 5*h + 59. Give g(7).
-4
Let p(z) = -156*z + 8893. Calculate p(57).
1
Let l(u) = 61*u + 2682. Give l(-45).
-63
Let p(r) = -3*r**2 + 17*r + 43. What is p(-2)?
-3
Let f(l) = -4319*l - 38876. Give f(-9).
-5
Let i(u) = u**3 - 30*u**2 - 43*u + 1188. What is i(30)?
-102
Let n(g) = g**2 + 106*g + 1860. What is n(-22)?
12
Let c(o) = -126*o**2 + 2643*o + 58. What is c(21)?
-5
Let l(o) = 5*o**2 - 75*o - 170. Give l(17).
0
Let q(k) = -27*k - 1820. Determine q(-67).
-11
Let d(b) = 4*b + 116. Give d(-37).
-32
Let w(k) = -107*k + 1751. Give w(18).
-175
Let f(n) = -48*n + 444. Determine f(11).
-84
Let x(b) = 67*b - 408. What is x(6)?
-6
Let t(a) = 953*a + 6651. Determine t(-7).
-20
Let x(j) = -j**3 + 2*j**2 + 60*j + 29. Calculate x(9).
2
Let s(c) = 9026*c + 306881. What is s(-34)?
-3
Let t(w) = w**3 - 11*w**2 - 1084*w - 244. What is t(39)?
68
Let m(u) = u**3 + 7*u**2 + 10*u + 31. Determine m(-4).
39
Let x(w) = w**3 + 13*w**2 + 12*w - 36. What is x(-12)?
-36
Let x(a) = 16*a + 62. Determine x(-4).
-2
Let z(m) = m**2 - 19*m - 1509. Give z(50).
41
Let g(n) = 2*n. Give g(21).
42
Let n(z) = z**2 + 11*z - 16. Determine n(-15).
44
Let k(p) = 6*p**2 - 10*p - 119. What is k(-4)?
17
Let a(m) = 343*m + 21610. What is a(-63)?
1
Let t(w) = 140*w + 1160. Calculate t(-8).
40
Let a(r) = -4*r**2 + 19*r + 34. Determine a(8).
-70
Let d(v) = 2*v - 217. Give d(-35).
-287
Let z(o) = -4*o**2 - 17*o + 25. Give z(0).
25
Let d(u) = 2*u**3 - 30*u**2 + 22*u - 304. Determine d(15).
26
Let w(n) = -2*n**2 - 164*n - 1615. Calculate w(-69).
179
Let f(z) = -z**3 + 16*z**2 - 17*z + 29. Calculate f(15).
-1
Let d(i) = -i**3 + 37*i**2 + 159*i - 6984. What is d(36)?
36
Let c(j) = 280*j - 6450. What is c(23)?
-10
Let g(b) = -b**3 + 40*b**2 + 3*b - 107. What is g(40)?
13
Let l(t) = -5*t**3 - 39*t**2 + 11*t + 5. What is l(-8)?
-19
Let g(p) = 341*p - 2004. Calculate g(6).
42
Let j(g) = 233*g**3 + 3*g**2 + 2*g - 2. Give j(1).
236
Let d(t) = -3*t**2 - 3373*t - 20125. What is d(-6)?
5
Let u(x) = -681*x - 4859. Determine u(-7).
-92
Let n(o) = o**2 + 45*o - 19. Calculate n(-37).
-315
Let c(a) = a**3 - 17*a**2 - 102*a - 184. Calculate c(22).
-8
Let s(i) = i**3 - 42*i**2 + 78*i + 87. Give s(40).
7
Let v(q) = 59*q**3 + 4*q**2 - 3*q - 7. Calculate v(2).
475
Let b(s) = -232*s + 1584. Determine b(7).
-40
Let w(i) = i**3 - 38*i**2 + 2*i + 88. Calculate w(38).
164
Let w(k) = k**3 - 13*k**2 + 37*k - 4. What is w(5)?
-19
Let m(f) = -28*f**3 + 15*f**2 + 23*f + 7. What is m(-1)?
27
Let l(z) = -4*z - 46. Calculate l(11).
-90
Let d(i) = i**3 + 9*i**2 + 9*i + 12. Calculate d(-8).
4
Let a(f) = 30*f**2 - 11*f - 6. What is a(-5)?
799
Let l(d) = -d**3 + d**2 - d + 120. Determine l(0).
120
Let o(b) = 18*b - 316. Give o(18).
8
Let r(f) = -f**3 - 7*f**2 - 6*f + 21. What is r(5)?
-309
Let t(w) = 2*w**3 - 19*w**2 - 135*w + 1295. Determine t(9).
-1
Let c(h) = 2*h**3 + h**2 - 8*h + 33. Give c(0).
33
Let u(i) = -218*i + 3936. Determine u(18).
12
Let r(v) = 2*v**2 + 124*v + 1780. Give r(-23).
-14
Let o(r) = -2*r**2 + 53*r + 653. Determine o(-9).
14
Let g(v) = v**2 - 32*v - 3001. Determine g(73).
-8
Let r(s) = 270*s - 7938. Determine r(29).
-108
Let f(q) = -154*q + 1773. What is f(12)?
-75
Let x(o) = -317*o - 4115. What is x(-13)?
6
Let w(j) = 49*j**2 + 26*j - 73. Determine w(4).
815
Let z(n) = 40*n + 5003. What is z(-125)?
3
Let g(y) = 7179*y - 21534. Give g(3).
3
Let m(k) = k**3 - 16*k**2 + 73*k - 27. What is m(13)?
415
Let n(d) = 187*d - 22814. What is n(122)?
0
Let v(i) = i**2 + 22*i + 43. What is v(-5)?
-42
Let c(s) = -113*s - 1772. Calculate c(-16).
36
Let b(o) = o**3 - 4*o**2 + 9*o - 169. Calculate b(6).
-43
Let r(l) = -11*l**2 - 65*l + 2. Determine r(-6).
-4
Let j(h) = -h**2 + 57*h - 686. What is j(20)?
54
Let u(c) = 160*c**2 - 1599*c + 5. Give u(10).
15
Let h(x) = -3*x**2 + 45*x + 160. Give h(18).
-2
Let s(t) = 1041*t - 39562. Give s(38).
-4
Let p(t) = -78*t + 247. Calculate p(4).
-65
Let v(o) = 3*o**3 + 2*o**2 + 7*o + 5. Give v(-1).
-3
Let r(w) = -9*w**3 + 6*w**2 - 86*w + 168. Give r(2).
-52
Let o(v) = -v**3 + 18*v**2 + 31*v + 181. Determine o(20).
1
Let c(r) = 4*r**2 - 37*r + 16. What is c(15)?
361
Let k(d) = 30*d - 1164. Give k(38).
-24
Let p(m) = -257*m**2 + 5654*m + 11. What is p(22)?
11
Let l(q) = -3*q**2 + 119*q - 606. Give l(33).
54
Let j(p) = 7*p**3 - 65*p**2 + 16*p - 20. What is j(9)?
-38
Let b(x) = x**3 - 17*x**2 + 26*x + 30. Determine b(15).
-30
Let d(t) = -3*t**3 + 81*t - 1. Calculate d(5).
29
Let m(u) = -14*u**2 + 2703*u - 185. Determine m(193).
8
Let z(m) = -m**3 + 15*m**2 + 77*m - 1202. Give z(15).
-47
Let c(r) = -115*r + 618. Give c(5).
43
Let x(k) = k**2 - 56*k + 360. What is x(7)?
17
Let c(p) = -2*p**3 + 176*p**2 - 60*p + 5246. Give c(88).
-34
Let y(j) = -3*j**2 - 123*j - 482. What is y(-4)?
-38
Let o(m) = -12*m**2 - 162*m - 2. Give o(-13).
76
Let m(k) = -k**2 - 52*k - 41. Calculate m(-50).
59
Let m(z) = -z**3 - z**2 - 4*z - 20. Give m(0).
-20
Let n(h) = -8*h**3 + 240*h**2 + 31*h - 22. Determine n(30).
908
Let y(p) = 32*p + 1766. Determine y(-55).
6
Let c(n) = 40*n - 337. Give c(8).
-17
Let q(d) = 5*d**2 + 191*d + 50. Determine q(-38).
12
Let q(i) = 2*i**3 - 13*i**2 - 7*i + 97. What is q(5)?
-13
Let p(f) = 2*f**2 + 26*f + 24. Calculate p(0).
24
Let c(n) = 5*n**3 - 2*n**2 + 12*n + 9. Give c(-3).
-180
Let s(f) = 111*f + 20870. Determine s(-188).
2
Let y(z) = 18*z**2 + 1229*z + 308. Determine y(-68).
-32
Let j(b) = b**3 + 3*b**2 - 10*b + 6. Calculate j(-6).
-42
Let w(n) = -n**3 + 9*n**2 + 857*n - 218. What is w(34)?
20
Let f(j) = -42*j**2 - 22*j - 90. Calculate f(-5).
-1030
Let w(n) = 77*n + 590. Give w(-8).
-26
Let s(f) = 4*f - 2. Give s(7).
26
Let u(v) = -v**3 - 13*v**2 - 35*v + 23. Give u(-8).
-17
Let y(i) = 4*i**2 - 74*i + 49. Calculate y(18).
13
Let x(u) = -5*u**2 - 487*u + 980. Determine x(2).
-14
Let y(p) = -2*p**2 - 183*p - 191. Calculate y(-89).
254
Let n(a) = -a**2 + 898*a + 9083. Give n(-10).
3
Let j(v) = 2*v**3 + 29*v**2 - 22*v - 29. Determine j(-15).
76
Let i(u) = -u**2 + 250*u + 1016. Determine i(-4).
0
Let h(v) = 28*v - 382. What is h(14)?
10
Let o(r) = r**3 + 27*r**2 - 63*r - 195. What is o(-29)?
-50
Let o(n) = 2*n**3 + 29*n**2 - 122*n - 592. What is o(-17)?
37
Let j(p) = 16*p + 187. Give j(-10).
27
Let v(l) = 11*l**2 + 67*l + 8. Calculate v(-4).
-84
Let t(p) = -p**3 - 50*p**2 - 597*p + 90. Determine t(-30).
0
Let z(j) = -3*j**2 - 24*j - 142. What is z(-6)?
-106
Let v(b) = -26*b**2 - 45*b + 8. Calculate v(-2).
-6
Let k(h) = 9*h**2 + 26*h - 155. Calculate k(6).
325
Let d(g) = -13*g**2 + 538*g + 41. What is d(42)?
-295
Let d(v) = v**3 - 41*v**2 - 51